{"id":420,"date":"2018-04-25T07:13:29","date_gmt":"2018-04-25T07:13:29","guid":{"rendered":"https:\/\/arabesque.mikado-themes.com\/?page_id=420"},"modified":"2024-07-01T12:14:27","modified_gmt":"2024-07-01T10:14:27","slug":"laprofesseure","status":"publish","type":"page","link":"https:\/\/studiodeladanse.fr\/index.php\/laprofesseure\/","title":{"rendered":"La Professeure"},"content":{"rendered":"<p>[vc_row css=&#8221;.vc_custom_1569200115616{margin-top: 77px !important;border-top-width: 350px !important;padding-top: 150px !important;}&#8221;][vc_column css=&#8221;.vc_custom_1569200120441{margin-bottom: -150px !important;}&#8221;]<div class=\"mkdf-elements-holder   mkdf-one-column  mkdf-responsive-mode-768 \" ><div class=\"mkdf-eh-item     \"  data-item-class=\"mkdf-eh-custom-9889\" data-1024-1366=\"0 0 25px 0\" data-680=\"0 0 80px 0\">\n\t<div class=\"mkdf-eh-item-inner\">\n\t\t<div class=\"mkdf-eh-item-content mkdf-eh-custom-9889\" >\n\t\t\t\n<div id=\"rev_slider_3_1_wrapper\" class=\"rev_slider_wrapper fullwidthbanner-container\" data-source=\"gallery\" style=\"margin:0px auto;background:transparent;padding:0px;margin-top:0px;margin-bottom:0px;\">\n<!-- START REVOLUTION SLIDER 5.4.8.3 fullwidth mode -->\n\t<div id=\"rev_slider_3_1\" class=\"rev_slider fullwidthabanner\" style=\"display:none;\" data-version=\"5.4.8.3\">\n<ul>\t<!-- SLIDE  -->\n\t<li data-index=\"rs-6\" data-transition=\"fade\" data-slotamount=\"default\" data-hideafterloop=\"0\" data-hideslideonmobile=\"off\"  data-easein=\"default\" data-easeout=\"default\" data-masterspeed=\"300\"  data-delay=\"170650\"  data-rotate=\"0\"  data-saveperformance=\"off\"  data-title=\"Slide\" data-param1=\"\" data-param2=\"\" data-param3=\"\" data-param4=\"\" data-param5=\"\" data-param6=\"\" data-param7=\"\" data-param8=\"\" data-param9=\"\" data-param10=\"\" data-description=\"\">\n\t\t<!-- MAIN IMAGE -->\n\t\t<img loading=\"lazy\" decoding=\"async\" src=\"https:\/\/studiodeladanse.fr\/wp-content\/plugins\/revslider\/admin\/assets\/images\/transparent.png\"  alt=\"\" title=\"DSC_4568\"  width=\"7360\" height=\"4912\" data-bgposition=\"center center\" data-bgfit=\"cover\" data-bgrepeat=\"no-repeat\" class=\"rev-slidebg\" data-no-retina>\n\t\t<!-- LAYERS -->\n\n\t\t<!-- LAYER NR. 1 -->\n\t\t<div class=\"tp-caption   tp-resizeme\" \n\t\t\t id=\"slide-6-layer-12\" \n\t\t\t data-x=\"-479\" \n\t\t\t data-y=\"-23\" \n\t\t\t\t\t\tdata-width=\"['none','none','none','none']\"\n\t\t\tdata-height=\"['none','none','none','none']\"\n \n\t\t\tdata-type=\"image\" \n\t\t\tdata-responsive_offset=\"on\" \n\n\t\t\tdata-frames='[{\"delay\":20,\"speed\":1000,\"frame\":\"0\",\"from\":\"opacity:0;\",\"to\":\"o:1;\",\"ease\":\"Power3.easeInOut\"},{\"delay\":\"wait\",\"speed\":200,\"frame\":\"999\",\"to\":\"opacity:0;\",\"ease\":\"Power3.easeInOut\"}]'\n\t\t\tdata-textAlign=\"['inherit','inherit','inherit','inherit']\"\n\t\t\tdata-paddingtop=\"[0,0,0,0]\"\n\t\t\tdata-paddingright=\"[0,0,0,0]\"\n\t\t\tdata-paddingbottom=\"[0,0,0,0]\"\n\t\t\tdata-paddingleft=\"[0,0,0,0]\"\n\n\t\t\tstyle=\"z-index: 5;\"><img loading=\"lazy\" decoding=\"async\" src=\"https:\/\/studiodeladanse.fr\/wp-content\/uploads\/2024\/05\/HEADER-PRO5.jpg\" alt=\"\" data-ww=\"2153px\" data-hh=\"1070px\" width=\"1920\" height=\"955\" data-no-retina> <\/div>\n\n\t\t<!-- LAYER NR. 2 -->\n\t\t<div class=\"tp-caption   tp-resizeme\" \n\t\t\t id=\"slide-6-layer-10\" \n\t\t\t data-x=\"-60\" \n\t\t\t data-y=\"207\" \n\t\t\t\t\t\tdata-width=\"['auto']\"\n\t\t\tdata-height=\"['auto']\"\n \n\t\t\tdata-type=\"text\" \n\t\t\tdata-responsive_offset=\"on\" \n\n\t\t\tdata-frames='[{\"delay\":150,\"speed\":2050,\"frame\":\"0\",\"from\":\"z:0;rX:0;rY:0;rZ:0;sX:0.9;sY:0.9;skX:0;skY:0;opacity:0;\",\"to\":\"o:1;\",\"ease\":\"Power3.easeInOut\"},{\"delay\":\"wait\",\"speed\":300,\"frame\":\"999\",\"to\":\"opacity:0;\",\"ease\":\"Power3.easeInOut\"}]'\n\t\t\tdata-textAlign=\"['inherit','inherit','inherit','inherit']\"\n\t\t\tdata-paddingtop=\"[0,0,0,0]\"\n\t\t\tdata-paddingright=\"[0,0,0,0]\"\n\t\t\tdata-paddingbottom=\"[0,0,0,0]\"\n\t\t\tdata-paddingleft=\"[0,0,0,0]\"\n\n\t\t\tstyle=\"z-index: 6; white-space: nowrap; font-size: 60px; line-height: 22px; font-weight: 400; color: #ffffff; letter-spacing: 0px;font-family:Beautiful Heart;\">Armelle Monjarret <\/div>\n\t<\/li>\n<\/ul>\n<div class=\"tp-bannertimer tp-bottom\" style=\"visibility: hidden !important;\"><\/div>\t<\/div>\n<script>var htmlDiv = document.getElementById(\"rs-plugin-settings-inline-css\"); var htmlDivCss=\"\";\r\n\t\t\t\tif(htmlDiv) {\r\n\t\t\t\t\thtmlDiv.innerHTML = htmlDiv.innerHTML + htmlDivCss;\r\n\t\t\t\t}else{\r\n\t\t\t\t\tvar htmlDiv = document.createElement(\"div\");\r\n\t\t\t\t\thtmlDiv.innerHTML = \"<style>\" + htmlDivCss + \"<\/style>\";\r\n\t\t\t\t\tdocument.getElementsByTagName(\"head\")[0].appendChild(htmlDiv.childNodes[0]);\r\n\t\t\t\t}\r\n\t\t\t<\/script>\n\t\t<script type=\"text\/javascript\">\r\nif (setREVStartSize!==undefined) setREVStartSize(\r\n\t{c: '#rev_slider_3_1', gridwidth: [1300], gridheight: [800], sliderLayout: 'fullwidth'});\r\n\t\t\t\r\nvar revapi3,\r\n\ttpj;\t\r\n(function() {\t\t\t\r\n\tif (!\/loaded|interactive|complete\/.test(document.readyState)) document.addEventListener(\"DOMContentLoaded\",onLoad); else onLoad();\t\r\n\tfunction onLoad() {\t\t\t\t\r\n\t\tif (tpj===undefined) { tpj = jQuery; if(\"off\" == \"on\") tpj.noConflict();}\r\n\tif(tpj(\"#rev_slider_3_1\").revolution == undefined){\n\t\trevslider_showDoubleJqueryError(\"#rev_slider_3_1\");\n\t}else{\n\t\trevapi3 = tpj(\"#rev_slider_3_1\").show().revolution({\n\t\t\tsliderType:\"standard\",\n\t\t\tjsFileLocation:\"\/\/studiodeladanse.fr\/wp-content\/plugins\/revslider\/public\/assets\/js\/\",\n\t\t\tsliderLayout:\"fullwidth\",\n\t\t\tdottedOverlay:\"none\",\n\t\t\tdelay:9000,\n\t\t\tnavigation: {\n\t\t\t\tonHoverStop:\"off\",\n\t\t\t},\n\t\t\tvisibilityLevels:[1240,1024,778,480],\n\t\t\tgridwidth:1300,\n\t\t\tgridheight:800,\n\t\t\tlazyType:\"none\",\n\t\t\tshadow:0,\n\t\t\tspinner:\"off\",\n\t\t\tstopLoop:\"off\",\n\t\t\tstopAfterLoops:-1,\n\t\t\tstopAtSlide:-1,\n\t\t\tshuffle:\"off\",\n\t\t\tautoHeight:\"off\",\n\t\t\tdisableProgressBar:\"on\",\n\t\t\thideThumbsOnMobile:\"off\",\n\t\t\thideSliderAtLimit:0,\n\t\t\thideCaptionAtLimit:0,\n\t\t\thideAllCaptionAtLilmit:0,\n\t\t\tdebugMode:false,\n\t\t\tfallbacks: {\n\t\t\t\tsimplifyAll:\"off\",\n\t\t\t\tnextSlideOnWindowFocus:\"off\",\n\t\t\t\tdisableFocusListener:false,\n\t\t\t}\n\t\t});\n\t}; \/* END OF revapi call *\/\n\t\n }; \/* END OF ON LOAD FUNCTION *\/\r\n}()); \/* END OF WRAPPING FUNCTION *\/\r\n<\/script>\r\n\t\t<\/div><!-- END REVOLUTION SLIDER -->\t\t<\/div>\n\t<\/div>\n<\/div><\/div>[\/vc_column][\/vc_row][vc_row row_content_width=&#8221;grid&#8221;][vc_column offset=&#8221;vc_col-lg-4&#8243;]<div class=\"mkdf-banner-holder  mkdf-visible-on-default mkdf-banner-hover-moving-image mkdf-banner-info-default\">\n    <div class=\"mkdf-banner-image\">\n                <div class=\"mkdf-moving-image-holder\"><div class=\"mkdf-moving-image\">\n                    <img loading=\"lazy\" decoding=\"async\" width=\"1725\" height=\"1151\" src=\"https:\/\/studiodeladanse.fr\/wp-content\/uploads\/2024\/07\/la-professeure-petite-4.jpg\" class=\"attachment-full size-full\" alt=\"\" srcset=\"https:\/\/studiodeladanse.fr\/wp-content\/uploads\/2024\/07\/la-professeure-petite-4.jpg 1725w, https:\/\/studiodeladanse.fr\/wp-content\/uploads\/2024\/07\/la-professeure-petite-4-300x200.jpg 300w, https:\/\/studiodeladanse.fr\/wp-content\/uploads\/2024\/07\/la-professeure-petite-4-1024x683.jpg 1024w, https:\/\/studiodeladanse.fr\/wp-content\/uploads\/2024\/07\/la-professeure-petite-4-768x512.jpg 768w, https:\/\/studiodeladanse.fr\/wp-content\/uploads\/2024\/07\/la-professeure-petite-4-1536x1025.jpg 1536w\" sizes=\"auto, (max-width: 1725px) 100vw, 1725px\" \/>                <\/div><\/div>\n            <\/div>\n    <div class=\"mkdf-banner-text-holder\" style=\"padding: 305px 0px 0px 0px\">\n\t    <div class=\"mkdf-banner-text-outer\">\n\t\t    <div class=\"mkdf-banner-text-inner\">\n\t\t        \t\t            <h6 class=\"mkdf-banner-title\" >\n\t\t                \u00c9cole Sup\u00e9rieure d\u2019\u00c9tudes Chor\u00e9graphiques\t                <\/h6>\n\t\t                                            <p class=\"mkdf-banner-subtitle\" >\n                    Paris (1979 - 1983)                    <\/p>\n                \t\t\t\t\t\t\t<\/div>\n\t\t<\/div>\n\t<\/div>\n\t<\/div>[vc_empty_space height=&#8221;50px&#8221;][\/vc_column][vc_column offset=&#8221;vc_col-lg-4&#8243;]<div class=\"mkdf-banner-holder  mkdf-visible-on-default mkdf-banner-hover-moving-image mkdf-banner-info-default\">\n    <div class=\"mkdf-banner-image\">\n                <div class=\"mkdf-moving-image-holder\"><div class=\"mkdf-moving-image\">\n                    <img loading=\"lazy\" decoding=\"async\" width=\"1725\" height=\"1151\" src=\"https:\/\/studiodeladanse.fr\/wp-content\/uploads\/2024\/05\/la-professeure-petite-copy.jpg\" class=\"attachment-full size-full\" alt=\"\" srcset=\"https:\/\/studiodeladanse.fr\/wp-content\/uploads\/2024\/05\/la-professeure-petite-copy.jpg 1725w, https:\/\/studiodeladanse.fr\/wp-content\/uploads\/2024\/05\/la-professeure-petite-copy-300x200.jpg 300w, https:\/\/studiodeladanse.fr\/wp-content\/uploads\/2024\/05\/la-professeure-petite-copy-1024x683.jpg 1024w, https:\/\/studiodeladanse.fr\/wp-content\/uploads\/2024\/05\/la-professeure-petite-copy-768x512.jpg 768w, https:\/\/studiodeladanse.fr\/wp-content\/uploads\/2024\/05\/la-professeure-petite-copy-1536x1025.jpg 1536w\" sizes=\"auto, (max-width: 1725px) 100vw, 1725px\" \/>                <\/div><\/div>\n            <\/div>\n    <div class=\"mkdf-banner-text-holder\" style=\"padding: 305px 0px 0px 0px\">\n\t    <div class=\"mkdf-banner-text-outer\">\n\t\t    <div class=\"mkdf-banner-text-inner\">\n\t\t        \t\t            <h5 class=\"mkdf-banner-title\" >\n\t\t                Professeure de Danse\t                <\/h5>\n\t\t                                            <p class=\"mkdf-banner-subtitle\" >\n                    Dipl\u00f4m\u00e9e d&#039;\u00c9tat et de l&#039;ESEC                    <\/p>\n                \t\t\t\t\t\t\t<\/div>\n\t\t<\/div>\n\t<\/div>\n\t<\/div>[vc_empty_space height=&#8221;50px&#8221;][\/vc_column][vc_column offset=&#8221;vc_col-lg-4&#8243;]<div class=\"mkdf-banner-holder  mkdf-visible-on-default mkdf-banner-hover-moving-image mkdf-banner-info-default\">\n    <div class=\"mkdf-banner-image\">\n                <div class=\"mkdf-moving-image-holder\"><div class=\"mkdf-moving-image\">\n                    <img loading=\"lazy\" decoding=\"async\" width=\"1723\" height=\"1150\" src=\"https:\/\/studiodeladanse.fr\/wp-content\/uploads\/2024\/05\/la-professeure-petite-3.jpg\" class=\"attachment-full size-full\" alt=\"\" srcset=\"https:\/\/studiodeladanse.fr\/wp-content\/uploads\/2024\/05\/la-professeure-petite-3.jpg 1723w, https:\/\/studiodeladanse.fr\/wp-content\/uploads\/2024\/05\/la-professeure-petite-3-300x200.jpg 300w, https:\/\/studiodeladanse.fr\/wp-content\/uploads\/2024\/05\/la-professeure-petite-3-1024x683.jpg 1024w, https:\/\/studiodeladanse.fr\/wp-content\/uploads\/2024\/05\/la-professeure-petite-3-768x513.jpg 768w, https:\/\/studiodeladanse.fr\/wp-content\/uploads\/2024\/05\/la-professeure-petite-3-1536x1025.jpg 1536w\" sizes=\"auto, (max-width: 1723px) 100vw, 1723px\" \/>                <\/div><\/div>\n            <\/div>\n    <div class=\"mkdf-banner-text-holder\" style=\"padding: 305px 0px 0px 0px\">\n\t    <div class=\"mkdf-banner-text-outer\">\n\t\t    <div class=\"mkdf-banner-text-inner\">\n\t\t        \t\t            <h6 class=\"mkdf-banner-title\" >\n\t\t                Ouverture de sa propre \u00e9cole de danse\t                <\/h6>\n\t\t                                            <p class=\"mkdf-banner-subtitle\" >\n                    \u00e0 Paimpol en 1984                    <\/p>\n                \t\t\t\t\t\t\t<\/div>\n\t\t<\/div>\n\t<\/div>\n\t<\/div>[vc_empty_space height=&#8221;50px&#8221;][\/vc_column][\/vc_row][vc_row row_content_width=&#8221;grid&#8221; css=&#8221;.vc_custom_1569169921851{margin-top: -50px !important;padding-bottom: 77px !important;}&#8221;][vc_column offset=&#8221;vc_col-lg-12 vc_col-md-12&#8243;]<div class=\"mkdf-section-title-holder   mkdf-st-reverse-order\" style=\"text-align: center\">\n\t<div class=\"mkdf-st-inner\">\n                                    <span class=\"mkdf-st-text\" style=\"color: #e67c9f;font-size: 90px\">\n                R\u00e9cemment                <\/span>\n                                \t<\/div>\n<\/div>[vc_column_text]<\/p>\n<h4 style=\"text-align: center;\"><span style=\"color: #3d3d3d;\">Le 26 avril 2014, Armelle a f\u00eat\u00e9 les 30 ans de la cr\u00e9ation du Studio de la Danse avec un spectacle sur le th\u00e8me du Magicien d\u2019Oz au th\u00e9\u00e2tre Bleu Pluriel de Tr\u00e9gueux.<\/span><\/h4>\n<p>&nbsp;<\/p>\n<h4 style=\"text-align: center;\"><span style=\"color: #3d3d3d;\">Puis, deux cr\u00e9ations originales au Th\u00e9\u00e2tre de l&#8217;Arche de Tr\u00e9guier. La premi\u00e8re, &#8220;Brin d&#8217;Folie&#8221; pr\u00e9sent\u00e9e le 5 mars 2016. Puis &#8220;Sur un Air de Music-Hall&#8221; pr\u00e9sent\u00e9e le 14 avril 2018.<\/span><\/h4>\n<p>&nbsp;<\/p>\n<h4 style=\"text-align: center;\"><span style=\"color: #3d3d3d;\">Du 28 au 30 avril 2018, professeure de claquettes \u00e0 un stage \u00e0 Vaujany organis\u00e9 par la F\u00e9d\u00e9ration Fran\u00e7aise de danse sur glace pour les cat\u00e9gories &#8220;Avenir, Benjamin et Minime&#8221;.<\/span><\/h4>\n<p>&nbsp;<\/p>\n<h4 style=\"text-align: center;\"><span style=\"color: #3d3d3d;\">En 2019 Constance L C a \u00e9t\u00e9 re\u00e7ue au concours d&#8217;entr\u00e9e du Conservatoire de danse de Brest.<br \/>\nElle avait commenc\u00e9 la danse avec Armelle \u00e0 l&#8217;\u00e2ge de 4 ans en 2008.<\/span><\/h4>\n<p>&nbsp;<\/p>\n<h4 style=\"text-align: center;\"><span style=\"color: #3d3d3d;\">Elle rejoint ainsi d&#8217;autres anciens \u00e9l\u00e8ves du Studio, qui eux aussi avaient pass\u00e9 avec succ\u00e8s les auditions d&#8217;\u00e9coles de formation professionnelle ou de conservatoires. Sept d&#8217;entre-eux sont aujourd&#8217;hui danseurs professionnels et\/ou professeurs de danse.<br \/>\n<\/span><\/h4>\n<p>&nbsp;<\/p>\n<h4 style=\"text-align: center;\"><span style=\"color: #3d3d3d;\">Le 4 juin 2022, cr\u00e9ation originale sur le th\u00e8me de mary Poppins &#8220;Supercalifragilistic&#8221;<br \/>\n<\/span><\/h4>\n<p>&nbsp;<\/p>\n<h4 style=\"text-align: center;\"><span style=\"color: #3d3d3d;\">Le 6 avril 2024, les 40 ans du Studio de la Danse au Th\u00e9\u00e2tre de l&#8217;Arche avec une nouvelles cr\u00e9ation &#8220;Passionn\u00e9ment !&#8221;<\/span><\/h4>\n<p>&nbsp;<\/p>\n<h4 style=\"text-align: center;\"><span style=\"color: #3d3d3d;\">Juin 2024, f\u00e9licitations \u00e0 Madeline G., Juliette A. et Lilas A. qui ont \u00e9t\u00e9 re\u00e7ues toutes les trois au concours d&#8217;entr\u00e9e du conservatoire le Brest (le CCR)<\/span><\/h4>\n<p>[\/vc_column_text][\/vc_column][\/vc_row][vc_row disable_background_image=&#8221;&#8221; simple_background_image=&#8221;4309&#8243; css=&#8221;.vc_custom_1569171616022{padding-top: 350px !important;}&#8221;][vc_column css=&#8221;.vc_custom_1546950381037{margin-top: -330px !important;}&#8221;]<div class=\"mkdf-testimonials-holder mkdf-testimonials-standard   clearfix\"><span class=\"mkdf-testimonials-heading\">Testimonials<\/span><div class=\"mkdf-testimonials mkdf-owl-slider\" data-number-of-items=\"1\" data-enable-loop=\"yes\" data-enable-autoplay=\"yes\" data-slider-speed=\"5000\" data-slider-speed-animation=\"600\" data-enable-navigation=\"yes\" data-enable-pagination=\"no\"><div class=\"mkdf-testimonial-content\" id=\"mkdf-testimonials-9069\">\n\t<div class=\"mkdf-testimonial-text-holder\">\n\t\t\t\t\t<h2 itemprop=\"name\" class=\"mkdf-testimonial-title entry-title\">T\u00e9moignage<\/h2>\n\t\t\t\t\t\t\t<h4 class=\"mkdf-testimonial-text\">Cette salle n\u2019est pas un simple studio mais un lieu ouvert sur le monde, sur les danses et ses danseurs. Une \u00e9cole de danse o\u00f9 nous avons tous et toutes trouv\u00e9 un petit \u00ab quelque chose \u00bb pour construire notre route . La danse, c\u2019est la vie !<\/h4>\n\t\t\t\t\t\t\t<span class=\"mkdf-testimonial-author\">\n\t\t\t\t<span class=\"mkdf-testimonials-author-name\">Marie<\/span>\n\t\t\t\t\t\t\t<\/span>\n\t\t\t<\/div>\n\t<\/div><div class=\"mkdf-testimonial-content\" id=\"mkdf-testimonials-9064\">\n\t<div class=\"mkdf-testimonial-text-holder\">\n\t\t\t\t\t<h2 itemprop=\"name\" class=\"mkdf-testimonial-title entry-title\">T\u00e9moignage<\/h2>\n\t\t\t\t\t\t\t<h4 class=\"mkdf-testimonial-text\">Merci de transmettre avec autant d\u2019enthousiasme et d\u2019\u00e9nergie ta passion, sans rien l\u00e2cher. Nous savons tous qu\u2019aujourd&#039;hui, ces grandes personnes se font rares !<\/h4>\n\t\t\t\t\t\t\t<span class=\"mkdf-testimonial-author\">\n\t\t\t\t<span class=\"mkdf-testimonials-author-name\">Marion<\/span>\n\t\t\t\t\t\t\t<\/span>\n\t\t\t<\/div>\n\t\t\t<div class=\"mkdf-testimonial-image\">\n\t\t\t<img loading=\"lazy\" decoding=\"async\" width=\"66\" height=\"66\" src=\"https:\/\/studiodeladanse.fr\/wp-content\/uploads\/2019\/09\/marion-150x150.jpg\" class=\"attachment-66x66 size-66x66 wp-post-image\" alt=\"\" srcset=\"https:\/\/studiodeladanse.fr\/wp-content\/uploads\/2019\/09\/marion-150x150.jpg 150w, https:\/\/studiodeladanse.fr\/wp-content\/uploads\/2019\/09\/marion-550x550.jpg 550w, https:\/\/studiodeladanse.fr\/wp-content\/uploads\/2019\/09\/marion-1100x1100.jpg 1100w\" sizes=\"auto, (max-width: 66px) 100vw, 66px\" \/>\t\t<\/div>\n\t<\/div><div class=\"mkdf-testimonial-content\" id=\"mkdf-testimonials-9062\">\n\t<div class=\"mkdf-testimonial-text-holder\">\n\t\t\t\t\t<h2 itemprop=\"name\" class=\"mkdf-testimonial-title entry-title\">T\u00e9moignage<\/h2>\n\t\t\t\t\t\t\t<h4 class=\"mkdf-testimonial-text\">J&#039;ai particip\u00e9 \u00e0 de nombreux cours et stages de claquette dans ma vie mais je n&#039;en ai jamais trouv\u00e9 un de si grande qualit\u00e9. L&#039;exigence technique est \u00e0 la hauteur du plaisir qu&#039;on trouve ensuite \u00e0 danser et \u00e0 r\u00e9investir les conseils d&#039;Armelle, prodigu\u00e9s avec une grande douceur : c&#039;est tout dire. Une grande professionnelle \u00e0 la passion communicative. Pr\u00e9cipitez-vous !<\/h4>\n\t\t\t\t\t\t\t<span class=\"mkdf-testimonial-author\">\n\t\t\t\t<span class=\"mkdf-testimonials-author-name\">Fran\u00e7oise<\/span>\n\t\t\t\t\t\t\t<\/span>\n\t\t\t<\/div>\n\t<\/div><div class=\"mkdf-testimonial-content\" id=\"mkdf-testimonials-8928\">\n\t<div class=\"mkdf-testimonial-text-holder\">\n\t\t\t\t\t<h2 itemprop=\"name\" class=\"mkdf-testimonial-title entry-title\">T\u00e9moignage<\/h2>\n\t\t\t\t\t\t\t<h4 class=\"mkdf-testimonial-text\">C&#039;est avec beaucoup de bonheur que Cl\u00e9mence se rend au studio de la danse tous les mercredis depuis 4 ans. Elle y a trouv\u00e9 un endroit exigeant pour structurer toute sa cr\u00e9ativit\u00e9. Elle est ravie. En vrai elle m&#039;a dit : &quot;C&#039;est difficile mais apr\u00e8s, c&#039;est bien !&quot;<\/h4>\n\t\t\t\t\t\t\t<span class=\"mkdf-testimonial-author\">\n\t\t\t\t<span class=\"mkdf-testimonials-author-name\">Delphine et Cl\u00e9mence<\/span>\n\t\t\t\t\t\t\t<\/span>\n\t\t\t<\/div>\n\t<\/div><\/div><\/div>[\/vc_column][\/vc_row]<\/p>\n","protected":false},"excerpt":{"rendered":"<p>[vc_row css=&#8221;.vc_custom_1569200115616{margin-top: 77px !important;border-top-width: 350px !important;padding-top: 150px !important;}&#8221;][vc_column css=&#8221;.vc_custom_1569200120441{margin-bottom: -150px !important;}&#8221;][\/vc_column][\/vc_row][vc_row row_content_width=&#8221;grid&#8221;][vc_column offset=&#8221;vc_col-lg-4&#8243;][vc_empty_space height=&#8221;50px&#8221;][\/vc_column][vc_column offset=&#8221;vc_col-lg-4&#8243;][vc_empty_space height=&#8221;50px&#8221;][\/vc_column][vc_column offset=&#8221;vc_col-lg-4&#8243;][vc_empty_space height=&#8221;50px&#8221;][\/vc_column][\/vc_row][vc_row row_content_width=&#8221;grid&#8221; css=&#8221;.vc_custom_1569169921851{margin-top: -50px !important;padding-bottom: 77px !important;}&#8221;][vc_column offset=&#8221;vc_col-lg-12 vc_col-md-12&#8243;][vc_column_text] Le 26 avril 2014, Armelle a f\u00eat\u00e9 les 30 ans de la cr\u00e9ation du [&hellip;]<\/p>\n","protected":false},"author":1,"featured_media":0,"parent":0,"menu_order":0,"comment_status":"closed","ping_status":"closed","template":"full-width.php","meta":{"footnotes":""},"class_list":["post-420","page","type-page","status-publish","hentry"],"_links":{"self":[{"href":"https:\/\/studiodeladanse.fr\/index.php\/wp-json\/wp\/v2\/pages\/420","targetHints":{"allow":["GET"]}}],"collection":[{"href":"https:\/\/studiodeladanse.fr\/index.php\/wp-json\/wp\/v2\/pages"}],"about":[{"href":"https:\/\/studiodeladanse.fr\/index.php\/wp-json\/wp\/v2\/types\/page"}],"author":[{"embeddable":true,"href":"https:\/\/studiodeladanse.fr\/index.php\/wp-json\/wp\/v2\/users\/1"}],"replies":[{"embeddable":true,"href":"https:\/\/studiodeladanse.fr\/index.php\/wp-json\/wp\/v2\/comments?post=420"}],"version-history":[{"count":120,"href":"https:\/\/studiodeladanse.fr\/index.php\/wp-json\/wp\/v2\/pages\/420\/revisions"}],"predecessor-version":[{"id":9822,"href":"https:\/\/studiodeladanse.fr\/index.php\/wp-json\/wp\/v2\/pages\/420\/revisions\/9822"}],"wp:attachment":[{"href":"https:\/\/studiodeladanse.fr\/index.php\/wp-json\/wp\/v2\/media?parent=420"}],"curies":[{"name":"wp","href":"https:\/\/api.w.org\/{rel}","templated":true}]}}