{"id":8425,"date":"2019-09-18T14:39:03","date_gmt":"2019-09-18T12:39:03","guid":{"rendered":"http:\/\/studiodeladanse.fr\/?page_id=8425"},"modified":"2024-04-22T13:51:31","modified_gmt":"2024-04-22T11:51:31","slug":"barreaterre","status":"publish","type":"page","link":"https:\/\/studiodeladanse.fr\/index.php\/barreaterre\/","title":{"rendered":"Barre \u00e0 Terre"},"content":{"rendered":"<p>[vc_row row_content_width=&#8221;grid&#8221; css=&#8221;.vc_custom_1568815895545{padding-top: 60px !important;padding-bottom: 80px !important;}&#8221;][vc_column]<div class=\"mkdf-elements-holder   mkdf-two-columns  mkdf-responsive-mode-1024 \" ><div class=\"mkdf-eh-item     mkdf-width-1-2\"  data-item-class=\"mkdf-eh-custom-2137\" data-768-1024=\"0 0 50px\" data-680-768=\"0 0 50px\" data-680=\"0 0 50px\">\n\t<div class=\"mkdf-eh-item-inner\">\n\t\t<div class=\"mkdf-eh-item-content mkdf-eh-custom-2137\" style=\"padding: 0 60px 0 0\">\n\t\t\t[vc_single_image image=&#8221;8515&#8243; img_size=&#8221;full&#8221;]\t\t<\/div>\n\t<\/div>\n<\/div><div class=\"mkdf-eh-item     \"  data-item-class=\"mkdf-eh-custom-2019\" data-768-1024=\"0 0 50px\" data-680-768=\"0 0 50px\" data-680=\"0 0 50px\">\n\t<div class=\"mkdf-eh-item-inner\">\n\t\t<div class=\"mkdf-eh-item-content mkdf-eh-custom-2019\" style=\"padding: 0 0 0 15px\">\n\t\t\t<div class=\"mkdf-accordion-holder mkdf-ac-default  mkdf-accordion mkdf-ac-boxed  clearfix\">\n\t<h6 class=\"mkdf-accordion-title\">\n    <span class=\"mkdf-accordion-mark\">\n\t\t<span class=\"mkdf_icon_plus\"><\/span>\n\t\t<span class=\"mkdf_icon_minus\"><\/span>\n\t<\/span>\n\t<span class=\"mkdf-tab-title\">Description<\/span>\n<\/h6>\n<div class=\"mkdf-accordion-content\">\n\t<div class=\"mkdf-accordion-content-inner\">\n\t\t[vc_column_text]Le cours de barre \u00e0 terre, ou barre au sol, s&#8217;inspire des exercices d&#8217;\u00e9chauffements du cours danse. Il est adapt\u00e9 \u00e0 tous en prenant en compte le corps dans son int\u00e9gralit\u00e9, et bas\u00e9 sur un bon placement de la colonne vert\u00e9brale et du bassin. Cette discipline d\u00e9veloppe la tonicit\u00e9 musculaire, la souplesse, une harmonie et apporte une bonne connaissance de soi.[\/vc_column_text]\t<\/div>\n<\/div><h6 class=\"mkdf-accordion-title\">\n    <span class=\"mkdf-accordion-mark\">\n\t\t<span class=\"mkdf_icon_plus\"><\/span>\n\t\t<span class=\"mkdf_icon_minus\"><\/span>\n\t<\/span>\n\t<span class=\"mkdf-tab-title\">Horaires<\/span>\n<\/h6>\n<div class=\"mkdf-accordion-content\">\n\t<div class=\"mkdf-accordion-content-inner\">\n\t\t[vc_column_text]<strong>LUNDI<\/strong> : 10h20 &#8211; 11h20 \/ niveau<em> interm\u00e9diaire<\/em><br \/>\n<strong>MERCREDI<\/strong> : 18h30 &#8211; 19h30 \/ <em>niveau confirm\u00e9<\/em><br \/>\n<strong>JEUDI<\/strong> : 17h50 \u2013 18h50 \/ <em>niveau d\u00e9butant<\/em>[\/vc_column_text]\t<\/div>\n<\/div><h6 class=\"mkdf-accordion-title\">\n    <span class=\"mkdf-accordion-mark\">\n\t\t<span class=\"mkdf_icon_plus\"><\/span>\n\t\t<span class=\"mkdf_icon_minus\"><\/span>\n\t<\/span>\n\t<span class=\"mkdf-tab-title\">Informations<\/span>\n<\/h6>\n<div class=\"mkdf-accordion-content\">\n\t<div class=\"mkdf-accordion-content-inner\">\n\t\t[vc_column_text]<strong>\u00c2ge<\/strong> : pour adolescents et adultes.<\/p>\n<p><strong>Nombre d&#8217;\u00e9l\u00e8ves<\/strong> : limit\u00e9 \u00e0 14 \u00e9l\u00e8ves par cours.<\/p>\n<p><strong>Tenue<\/strong> : collants sans pieds ou pantalon de jazz ; justaucorps, chauffe-c\u0153ur.[\/vc_column_text]\t<\/div>\n<\/div><\/div>\t\t<\/div>\n\t<\/div>\n<\/div><\/div>[\/vc_column][\/vc_row][vc_row full_height=&#8221;yes&#8221; content_placement=&#8221;top&#8221; row_btt_skin=&#8221;light&#8221; css=&#8221;.vc_custom_1568886884413{padding-right: 20px !important;padding-bottom: 23px !important;padding-left: 20px !important;}&#8221; anchor=&#8221;T\u00e9moignage&#8221;][vc_column]<div class=\"mkdf-testimonials-holder mkdf-testimonials-standard   clearfix\"><span class=\"mkdf-testimonials-heading\">Testimonials<\/span><div class=\"mkdf-testimonials mkdf-owl-slider\" data-number-of-items=\"1\" data-enable-loop=\"yes\" data-enable-autoplay=\"yes\" data-slider-speed=\"5000\" data-slider-speed-animation=\"600\" data-enable-navigation=\"yes\" data-enable-pagination=\"no\"><div class=\"mkdf-testimonial-content\" id=\"mkdf-testimonials-9069\">\n\t<div class=\"mkdf-testimonial-text-holder\">\n\t\t\t\t\t<h2 itemprop=\"name\" class=\"mkdf-testimonial-title entry-title\">T\u00e9moignage<\/h2>\n\t\t\t\t\t\t\t<h4 class=\"mkdf-testimonial-text\">Cette salle n\u2019est pas un simple studio mais un lieu ouvert sur le monde, sur les danses et ses danseurs. Une \u00e9cole de danse o\u00f9 nous avons tous et toutes trouv\u00e9 un petit \u00ab quelque chose \u00bb pour construire notre route . La danse, c\u2019est la vie !<\/h4>\n\t\t\t\t\t\t\t<span class=\"mkdf-testimonial-author\">\n\t\t\t\t<span class=\"mkdf-testimonials-author-name\">Marie<\/span>\n\t\t\t\t\t\t\t<\/span>\n\t\t\t<\/div>\n\t<\/div><div class=\"mkdf-testimonial-content\" id=\"mkdf-testimonials-9064\">\n\t<div class=\"mkdf-testimonial-text-holder\">\n\t\t\t\t\t<h2 itemprop=\"name\" class=\"mkdf-testimonial-title entry-title\">T\u00e9moignage<\/h2>\n\t\t\t\t\t\t\t<h4 class=\"mkdf-testimonial-text\">Merci de transmettre avec autant d\u2019enthousiasme et d\u2019\u00e9nergie ta passion, sans rien l\u00e2cher. Nous savons tous qu\u2019aujourd&#039;hui, ces grandes personnes se font rares !<\/h4>\n\t\t\t\t\t\t\t<span class=\"mkdf-testimonial-author\">\n\t\t\t\t<span class=\"mkdf-testimonials-author-name\">Marion<\/span>\n\t\t\t\t\t\t\t<\/span>\n\t\t\t<\/div>\n\t\t\t<div class=\"mkdf-testimonial-image\">\n\t\t\t<img loading=\"lazy\" decoding=\"async\" width=\"66\" height=\"66\" src=\"https:\/\/studiodeladanse.fr\/wp-content\/uploads\/2019\/09\/marion-150x150.jpg\" class=\"attachment-66x66 size-66x66 wp-post-image\" alt=\"\" srcset=\"https:\/\/studiodeladanse.fr\/wp-content\/uploads\/2019\/09\/marion-150x150.jpg 150w, https:\/\/studiodeladanse.fr\/wp-content\/uploads\/2019\/09\/marion-550x550.jpg 550w, https:\/\/studiodeladanse.fr\/wp-content\/uploads\/2019\/09\/marion-1100x1100.jpg 1100w\" sizes=\"auto, (max-width: 66px) 100vw, 66px\" \/>\t\t<\/div>\n\t<\/div><div class=\"mkdf-testimonial-content\" id=\"mkdf-testimonials-9062\">\n\t<div class=\"mkdf-testimonial-text-holder\">\n\t\t\t\t\t<h2 itemprop=\"name\" class=\"mkdf-testimonial-title entry-title\">T\u00e9moignage<\/h2>\n\t\t\t\t\t\t\t<h4 class=\"mkdf-testimonial-text\">J&#039;ai particip\u00e9 \u00e0 de nombreux cours et stages de claquette dans ma vie mais je n&#039;en ai jamais trouv\u00e9 un de si grande qualit\u00e9. L&#039;exigence technique est \u00e0 la hauteur du plaisir qu&#039;on trouve ensuite \u00e0 danser et \u00e0 r\u00e9investir les conseils d&#039;Armelle, prodigu\u00e9s avec une grande douceur : c&#039;est tout dire. Une grande professionnelle \u00e0 la passion communicative. Pr\u00e9cipitez-vous !<\/h4>\n\t\t\t\t\t\t\t<span class=\"mkdf-testimonial-author\">\n\t\t\t\t<span class=\"mkdf-testimonials-author-name\">Fran\u00e7oise<\/span>\n\t\t\t\t\t\t\t<\/span>\n\t\t\t<\/div>\n\t<\/div><div class=\"mkdf-testimonial-content\" id=\"mkdf-testimonials-8928\">\n\t<div class=\"mkdf-testimonial-text-holder\">\n\t\t\t\t\t<h2 itemprop=\"name\" class=\"mkdf-testimonial-title entry-title\">T\u00e9moignage<\/h2>\n\t\t\t\t\t\t\t<h4 class=\"mkdf-testimonial-text\">C&#039;est avec beaucoup de bonheur que Cl\u00e9mence se rend au studio de la danse tous les mercredis depuis 4 ans. Elle y a trouv\u00e9 un endroit exigeant pour structurer toute sa cr\u00e9ativit\u00e9. Elle est ravie. En vrai elle m&#039;a dit : &quot;C&#039;est difficile mais apr\u00e8s, c&#039;est bien !&quot;<\/h4>\n\t\t\t\t\t\t\t<span class=\"mkdf-testimonial-author\">\n\t\t\t\t<span class=\"mkdf-testimonials-author-name\">Delphine et Cl\u00e9mence<\/span>\n\t\t\t\t\t\t\t<\/span>\n\t\t\t<\/div>\n\t<\/div><\/div><\/div>[\/vc_column][\/vc_row]<\/p>\n","protected":false},"excerpt":{"rendered":"<p>[vc_row row_content_width=&#8221;grid&#8221; css=&#8221;.vc_custom_1568815895545{padding-top: 60px !important;padding-bottom: 80px !important;}&#8221;][vc_column][\/vc_column][\/vc_row][vc_row full_height=&#8221;yes&#8221; content_placement=&#8221;top&#8221; row_btt_skin=&#8221;light&#8221; css=&#8221;.vc_custom_1568886884413{padding-right: 20px !important;padding-bottom: 23px !important;padding-left: 20px !important;}&#8221; anchor=&#8221;T\u00e9moignage&#8221;][vc_column][\/vc_column][\/vc_row]<\/p>\n","protected":false},"author":1,"featured_media":0,"parent":0,"menu_order":0,"comment_status":"closed","ping_status":"closed","template":"full-width.php","meta":{"footnotes":""},"class_list":["post-8425","page","type-page","status-publish","hentry"],"_links":{"self":[{"href":"https:\/\/studiodeladanse.fr\/index.php\/wp-json\/wp\/v2\/pages\/8425","targetHints":{"allow":["GET"]}}],"collection":[{"href":"https:\/\/studiodeladanse.fr\/index.php\/wp-json\/wp\/v2\/pages"}],"about":[{"href":"https:\/\/studiodeladanse.fr\/index.php\/wp-json\/wp\/v2\/types\/page"}],"author":[{"embeddable":true,"href":"https:\/\/studiodeladanse.fr\/index.php\/wp-json\/wp\/v2\/users\/1"}],"replies":[{"embeddable":true,"href":"https:\/\/studiodeladanse.fr\/index.php\/wp-json\/wp\/v2\/comments?post=8425"}],"version-history":[{"count":56,"href":"https:\/\/studiodeladanse.fr\/index.php\/wp-json\/wp\/v2\/pages\/8425\/revisions"}],"predecessor-version":[{"id":9695,"href":"https:\/\/studiodeladanse.fr\/index.php\/wp-json\/wp\/v2\/pages\/8425\/revisions\/9695"}],"wp:attachment":[{"href":"https:\/\/studiodeladanse.fr\/index.php\/wp-json\/wp\/v2\/media?parent=8425"}],"curies":[{"name":"wp","href":"https:\/\/api.w.org\/{rel}","templated":true}]}}

Barre à Terre

<p>[vc_row row_content_width=&#8221;grid&#8221; css=&#8221;.vc_custom_1568815895545{padding-top: 60px !important;padding-bottom: 80px !important;}&#8221;][vc_column]<div class="mkdf-elements-holder   mkdf-two-columns  mkdf-responsive-mode-1024 " ><div class="mkdf-eh-item     mkdf-width-1-2"  data-item-class="mkdf-eh-custom-2137" data-768-1024="0 0 50px" data-680-768="0 0 50px" data-680="0 0 50px">
	<div class="mkdf-eh-item-inner">
		<div class="mkdf-eh-item-content mkdf-eh-custom-2137" style="padding: 0 60px 0 0">
			[vc_single_image image=&#8221;8515&#8243; img_size=&#8221;full&#8221;]		</div>
	</div>
</div><div class="mkdf-eh-item     "  data-item-class="mkdf-eh-custom-2019" data-768-1024="0 0 50px" data-680-768="0 0 50px" data-680="0 0 50px">
	<div class="mkdf-eh-item-inner">
		<div class="mkdf-eh-item-content mkdf-eh-custom-2019" style="padding: 0 0 0 15px">
			<div class="mkdf-accordion-holder mkdf-ac-default  mkdf-accordion mkdf-ac-boxed  clearfix">
	<h6 class="mkdf-accordion-title">
    <span class="mkdf-accordion-mark">
		<span class="mkdf_icon_plus"></span>
		<span class="mkdf_icon_minus"></span>
	</span>
	<span class="mkdf-tab-title">Description</span>
</h6>
<div class="mkdf-accordion-content">
	<div class="mkdf-accordion-content-inner">
		[vc_column_text]Le cours de barre à terre, ou barre au sol, s&#8217;inspire des exercices d&#8217;échauffements du cours danse. Il est adapté à tous en prenant en compte le corps dans son intégralité, et basé sur un bon placement de la colonne vertébrale et du bassin. Cette discipline développe la tonicité musculaire, la souplesse, une harmonie et apporte une bonne connaissance de soi.[/vc_column_text]	</div>
</div><h6 class="mkdf-accordion-title">
    <span class="mkdf-accordion-mark">
		<span class="mkdf_icon_plus"></span>
		<span class="mkdf_icon_minus"></span>
	</span>
	<span class="mkdf-tab-title">Horaires</span>
</h6>
<div class="mkdf-accordion-content">
	<div class="mkdf-accordion-content-inner">
		[vc_column_text]<strong>LUNDI</strong> : 10h20 &#8211; 11h20 / niveau<em> intermédiaire</em><br />
<strong>MERCREDI</strong> : 18h30 &#8211; 19h30 / <em>niveau confirmé</em><br />
<strong>JEUDI</strong> : 17h50 – 18h50 / <em>niveau débutant</em>[/vc_column_text]	</div>
</div><h6 class="mkdf-accordion-title">
    <span class="mkdf-accordion-mark">
		<span class="mkdf_icon_plus"></span>
		<span class="mkdf_icon_minus"></span>
	</span>
	<span class="mkdf-tab-title">Informations</span>
</h6>
<div class="mkdf-accordion-content">
	<div class="mkdf-accordion-content-inner">
		[vc_column_text]<strong>Âge</strong> : pour adolescents et adultes.</p>
<p><strong>Nombre d&#8217;élèves</strong> : limité à 14 élèves par cours.</p>
<p><strong>Tenue</strong> : collants sans pieds ou pantalon de jazz ; justaucorps, chauffe-cœur.[/vc_column_text]	</div>
</div></div>		</div>
	</div>
</div></div>[/vc_column][/vc_row][vc_row full_height=&#8221;yes&#8221; content_placement=&#8221;top&#8221; row_btt_skin=&#8221;light&#8221; css=&#8221;.vc_custom_1568886884413{padding-right: 20px !important;padding-bottom: 23px !important;padding-left: 20px !important;}&#8221; anchor=&#8221;Témoignage&#8221;][vc_column]<div class="mkdf-testimonials-holder mkdf-testimonials-standard   clearfix"><span class="mkdf-testimonials-heading">Testimonials</span><div class="mkdf-testimonials mkdf-owl-slider" data-number-of-items="1" data-enable-loop="yes" data-enable-autoplay="yes" data-slider-speed="5000" data-slider-speed-animation="600" data-enable-navigation="yes" data-enable-pagination="no"><div class="mkdf-testimonial-content" id="mkdf-testimonials-9069">
	<div class="mkdf-testimonial-text-holder">
					<h2 itemprop="name" class="mkdf-testimonial-title entry-title">Témoignage</h2>
							<h4 class="mkdf-testimonial-text">Cette salle n’est pas un simple studio mais un lieu ouvert sur le monde, sur les danses et ses danseurs. Une école de danse où nous avons tous et toutes trouvé un petit « quelque chose » pour construire notre route . La danse, c’est la vie !</h4>
							<span class="mkdf-testimonial-author">
				<span class="mkdf-testimonials-author-name">Marie</span>
							</span>
			</div>
	</div><div class="mkdf-testimonial-content" id="mkdf-testimonials-9064">
	<div class="mkdf-testimonial-text-holder">
					<h2 itemprop="name" class="mkdf-testimonial-title entry-title">Témoignage</h2>
							<h4 class="mkdf-testimonial-text">Merci de transmettre avec autant d’enthousiasme et d’énergie ta passion, sans rien lâcher. Nous savons tous qu’aujourd&#039;hui, ces grandes personnes se font rares !</h4>
							<span class="mkdf-testimonial-author">
				<span class="mkdf-testimonials-author-name">Marion</span>
							</span>
			</div>
			<div class="mkdf-testimonial-image">
			<img loading="lazy" decoding="async" width="66" height="66" src="https://studiodeladanse.fr/wp-content/uploads/2019/09/marion-150x150.jpg" class="attachment-66x66 size-66x66 wp-post-image" alt="" srcset="https://studiodeladanse.fr/wp-content/uploads/2019/09/marion-150x150.jpg 150w, https://studiodeladanse.fr/wp-content/uploads/2019/09/marion-550x550.jpg 550w, https://studiodeladanse.fr/wp-content/uploads/2019/09/marion-1100x1100.jpg 1100w" sizes="auto, (max-width: 66px) 100vw, 66px" />		</div>
	</div><div class="mkdf-testimonial-content" id="mkdf-testimonials-9062">
	<div class="mkdf-testimonial-text-holder">
					<h2 itemprop="name" class="mkdf-testimonial-title entry-title">Témoignage</h2>
							<h4 class="mkdf-testimonial-text">J&#039;ai participé à de nombreux cours et stages de claquette dans ma vie mais je n&#039;en ai jamais trouvé un de si grande qualité. L&#039;exigence technique est à la hauteur du plaisir qu&#039;on trouve ensuite à danser et à réinvestir les conseils d&#039;Armelle, prodigués avec une grande douceur : c&#039;est tout dire. Une grande professionnelle à la passion communicative. Précipitez-vous !</h4>
							<span class="mkdf-testimonial-author">
				<span class="mkdf-testimonials-author-name">Françoise</span>
							</span>
			</div>
	</div><div class="mkdf-testimonial-content" id="mkdf-testimonials-8928">
	<div class="mkdf-testimonial-text-holder">
					<h2 itemprop="name" class="mkdf-testimonial-title entry-title">Témoignage</h2>
							<h4 class="mkdf-testimonial-text">C&#039;est avec beaucoup de bonheur que Clémence se rend au studio de la danse tous les mercredis depuis 4 ans. Elle y a trouvé un endroit exigeant pour structurer toute sa créativité. Elle est ravie. En vrai elle m&#039;a dit : &quot;C&#039;est difficile mais après, c&#039;est bien !&quot;</h4>
							<span class="mkdf-testimonial-author">
				<span class="mkdf-testimonials-author-name">Delphine et Clémence</span>
							</span>
			</div>
	</div></div></div>[/vc_column][/vc_row]</p>

<p>[vc_row row_content_width=&#8221;grid&#8221; css=&#8221;.vc_custom_1568815895545{padding-top: 60px !important;padding-bottom: 80px !important;}&#8221;][vc_column][/vc_column][/vc_row][vc_row full_height=&#8221;yes&#8221; content_placement=&#8221;top&#8221; row_btt_skin=&#8221;light&#8221; css=&#8221;.vc_custom_1568886884413{padding-right: 20px !important;padding-bottom: 23px !important;padding-left: 20px !important;}&#8221; anchor=&#8221;Témoignage&#8221;][vc_column][/vc_column][/vc_row]</p>
