{"id":9340,"date":"2021-04-25T12:23:34","date_gmt":"2021-04-25T10:23:34","guid":{"rendered":"https:\/\/studiodeladanse.fr\/?page_id=9340"},"modified":"2026-04-27T12:22:13","modified_gmt":"2026-04-27T10:22:13","slug":"sinscrire","status":"publish","type":"page","link":"https:\/\/studiodeladanse.fr\/index.php\/sinscrire\/","title":{"rendered":"S&#8217;inscrire"},"content":{"rendered":"<p>[vc_row][vc_column][vc_empty_space height=&#8221;62px&#8221;]<div class=\"mkdf-banner-holder  mkdf-disabled mkdf-banner-hover-moving-image mkdf-banner-info-default\">\n    <div class=\"mkdf-banner-image\">\n                <div class=\"mkdf-moving-image-holder\"><div class=\"mkdf-moving-image\">\n                    <img loading=\"lazy\" decoding=\"async\" width=\"7360\" height=\"613\" src=\"https:\/\/studiodeladanse.fr\/wp-content\/uploads\/2019\/09\/BANNIERE.jpg\" class=\"attachment-full size-full\" alt=\"\" srcset=\"https:\/\/studiodeladanse.fr\/wp-content\/uploads\/2019\/09\/BANNIERE.jpg 7360w, https:\/\/studiodeladanse.fr\/wp-content\/uploads\/2019\/09\/BANNIERE-300x25.jpg 300w, https:\/\/studiodeladanse.fr\/wp-content\/uploads\/2019\/09\/BANNIERE-768x64.jpg 768w, https:\/\/studiodeladanse.fr\/wp-content\/uploads\/2019\/09\/BANNIERE-1024x85.jpg 1024w\" sizes=\"auto, (max-width: 7360px) 100vw, 7360px\" \/>                <\/div><\/div>\n            <\/div>\n    <div class=\"mkdf-banner-text-holder\" >\n\t    <div class=\"mkdf-banner-text-outer\">\n\t\t    <div class=\"mkdf-banner-text-inner\">\n\t\t                        \t\t\t\t\t\t\t<\/div>\n\t\t<\/div>\n\t<\/div>\n\t<\/div>[\/vc_column][\/vc_row][vc_row content_placement=&#8221;middle&#8221; content_text_aligment=&#8221;center&#8221; row_btt_skin=&#8221;light&#8221; css=&#8221;.vc_custom_1569015706194{padding-right: 150px !important;padding-left: 50px !important;background-color: #fdd8d6 !important;}&#8221; simple_background_color=&#8221;#fdd8d6&#8243;][vc_column width=&#8221;1\/4&#8243;][\/vc_column][vc_column width=&#8221;1\/2&#8243;]<div class=\"mkdf-section-title-holder   mkdf-st-reverse-order\" style=\"text-align: center\">\n\t<div class=\"mkdf-st-inner\">\n                                    <span class=\"mkdf-st-text\" style=\"color: #ffffff\">\n                S'inscrire en ligne                <\/span>\n                                \t<\/div>\n<\/div>\n<div class=\"wpcf7 no-js\" id=\"wpcf7-f9373-o1\" lang=\"fr-FR\" dir=\"ltr\" data-wpcf7-id=\"9373\">\n<div class=\"screen-reader-response\"><p role=\"status\" aria-live=\"polite\" aria-atomic=\"true\"><\/p> <ul><\/ul><\/div>\n<form action=\"\/index.php\/wp-json\/wp\/v2\/pages\/9340#wpcf7-f9373-o1\" method=\"post\" class=\"wpcf7-form init cf7_custom_style_2\" aria-label=\"Formulaire de contact\" novalidate=\"novalidate\" data-status=\"init\">\n<fieldset class=\"hidden-fields-container\"><input type=\"hidden\" name=\"_wpcf7\" value=\"9373\" \/><input type=\"hidden\" name=\"_wpcf7_version\" value=\"6.1.5\" \/><input type=\"hidden\" name=\"_wpcf7_locale\" value=\"fr_FR\" \/><input type=\"hidden\" name=\"_wpcf7_unit_tag\" value=\"wpcf7-f9373-o1\" \/><input type=\"hidden\" name=\"_wpcf7_container_post\" value=\"0\" \/><input type=\"hidden\" name=\"_wpcf7_posted_data_hash\" value=\"\" \/>\n<\/fieldset>\n<div class=\"mkdf-grid-row mkdf-grid-small-gutter\">\n\t<div class=\"mkdf-grid-col-6\">\n\t\t<p style=\"text-align: center;\"><br \/>\n<span class=\"wpcf7-form-control-wrap\" data-name=\"text-508\"><input size=\"40\" maxlength=\"400\" class=\"wpcf7-form-control wpcf7-text wpcf7-validates-as-required\" aria-required=\"true\" aria-invalid=\"false\" placeholder=\"Nom complet\" value=\"\" type=\"text\" name=\"text-508\" \/><\/span>\n\t\t<\/p>\n\t<\/div>\n\t<div class=\"mkdf-grid-col-6\">\n\t\t<p style=\"text-align: center;\"><br \/>\n<span class=\"wpcf7-form-control-wrap\" data-name=\"email-631\"><input size=\"40\" maxlength=\"400\" class=\"wpcf7-form-control wpcf7-email wpcf7-validates-as-required wpcf7-text wpcf7-validates-as-email\" aria-required=\"true\" aria-invalid=\"false\" placeholder=\"E-mail\" value=\"\" type=\"email\" name=\"email-631\" \/><\/span>\n\t\t<\/p>\n\t<\/div>\n<\/div>\n<p style=\"text-align: left;\"><br \/>\n<span class=\"wpcf7-form-control-wrap\" data-name=\"checkbox-72\"><span class=\"wpcf7-form-control wpcf7-checkbox wpcf7-validates-as-required\"><span class=\"wpcf7-list-item first\"><label><input type=\"checkbox\" name=\"checkbox-72[]\" value=\"Adulte\" \/><span class=\"wpcf7-list-item-label\">Adulte<\/span><\/label><\/span><span class=\"wpcf7-list-item last\"><label><input type=\"checkbox\" name=\"checkbox-72[]\" value=\"Mineur (si mineur, entrez la date de naissance ci-dessous)\" \/><span class=\"wpcf7-list-item-label\">Mineur (si mineur, entrez la date de naissance ci-dessous)<\/span><\/label><\/span><\/span><\/span>\n<\/p>\n<p><span class=\"wpcf7-form-control-wrap\" data-name=\"date-767\"><input class=\"wpcf7-form-control wpcf7-date wpcf7-validates-as-date\" aria-invalid=\"false\" value=\"\" type=\"date\" name=\"date-767\" \/><\/span>\n<\/p>\n<p><span class=\"wpcf7-form-control-wrap\" data-name=\"tel-794\"><input size=\"40\" maxlength=\"400\" class=\"wpcf7-form-control wpcf7-tel wpcf7-validates-as-required wpcf7-text wpcf7-validates-as-tel\" aria-required=\"true\" aria-invalid=\"false\" placeholder=\"Num\u00e9ro de t\u00e9l\u00e9phone\" value=\"\" type=\"tel\" name=\"tel-794\" \/><\/span>\n<\/p>\n<p style=\"text-align: left;\"><br \/>\n<span class=\"wpcf7-form-control-wrap\" data-name=\"menu-56\"><select class=\"wpcf7-form-control wpcf7-select wpcf7-validates-as-required\" aria-required=\"true\" aria-invalid=\"false\" name=\"menu-56\"><option value=\"Choix 1 : Cliquez ici pour choisir votre discipline\">Choix 1 : Cliquez ici pour choisir votre discipline<\/option><option value=\"Classique - Lundi - 11h30\/12h45\">Classique - Lundi - 11h30\/12h45<\/option><option value=\"Classique - Mercredi - 15h30\/16h30\">Classique - Mercredi - 15h30\/16h30<\/option><option value=\"Classique - Mercredi - 16h45\/18h15\">Classique - Mercredi - 16h45\/18h15<\/option><option value=\"Classique - Samedi - 10h30\/12h00\">Classique - Samedi - 10h30\/12h00<\/option><option value=\"Claquettes - Lundi - 18h\/19h\">Claquettes - Lundi - 18h\/19h<\/option><option value=\"Claquettes - Lundi - 19h\/20h15\">Claquettes - Lundi - 19h\/20h15<\/option><option value=\"Claquettes - Vendredi - 19h15\/20h30\">Claquettes - Vendredi - 19h15\/20h30<\/option><option value=\"Barre \u00e0 terre - Lundi - 10h20\/11h20\">Barre \u00e0 terre - Lundi - 10h20\/11h20<\/option><option value=\"Barre \u00e0 terre - Mercredi - 18h30\/19h30\">Barre \u00e0 terre - Mercredi - 18h30\/19h30<\/option><option value=\"Barre \u00e0 terre - Jeudi - 17h50\/18h50\">Barre \u00e0 terre - Jeudi - 17h50\/18h50<\/option><option value=\"Modern&#039; Dance - Jeudi - 19h\/20h30\">Modern&#039; Dance - Jeudi - 19h\/20h30<\/option><option value=\"Modern&#039; Jazz - Vendredi - 17h45\/19h\">Modern&#039; Jazz - Vendredi - 17h45\/19h<\/option><option value=\"Initiation \u00e0 la danse - Mercredi - 15h30h\/16h30\">Initiation \u00e0 la danse - Mercredi - 15h30h\/16h30<\/option><\/select><\/span>\n<\/p>\n<p style=\"text-align: left;\"><br \/>\n<span class=\"wpcf7-form-control-wrap\" data-name=\"menu-409\"><select class=\"wpcf7-form-control wpcf7-select\" aria-invalid=\"false\" name=\"menu-409\"><option value=\"Choix 2 : Cliquez ici pour choisir votre discipline\">Choix 2 : Cliquez ici pour choisir votre discipline<\/option><option value=\"Classique - Lundi - 11h30\/12h45\">Classique - Lundi - 11h30\/12h45<\/option><option value=\"Classique - Mercredi - 15h30\/16h30\">Classique - Mercredi - 15h30\/16h30<\/option><option value=\"Classique - Mercredi - 16h45\/18h15\">Classique - Mercredi - 16h45\/18h15<\/option><option value=\"Classique - Samedi - 10h30\/12h00\">Classique - Samedi - 10h30\/12h00<\/option><option value=\"Claquettes - Lundi - 18h\/19h\">Claquettes - Lundi - 18h\/19h<\/option><option value=\"Claquettes - Lundi - 19h\/20h15\">Claquettes - Lundi - 19h\/20h15<\/option><option value=\"Claquettes - Vendredi - 19h15\/20h30\">Claquettes - Vendredi - 19h15\/20h30<\/option><option value=\"Barre \u00e0 terre - Lundi - 10h20\/11h20\">Barre \u00e0 terre - Lundi - 10h20\/11h20<\/option><option value=\"Barre \u00e0 terre - Mercredi - 18h30\/19h30\">Barre \u00e0 terre - Mercredi - 18h30\/19h30<\/option><option value=\"Barre \u00e0 terre - Jeudi - 17h50\/18h50\">Barre \u00e0 terre - Jeudi - 17h50\/18h50<\/option><option value=\"Modern&#039; Dance - Jeudi - 19h\/20h30\">Modern&#039; Dance - Jeudi - 19h\/20h30<\/option><option value=\"Modern&#039; Jazz - Vendredi - 17h45\/19h\">Modern&#039; Jazz - Vendredi - 17h45\/19h<\/option><option value=\"Initiation \u00e0 la danse - Mercredi - 15h30h\/16h30\">Initiation \u00e0 la danse - Mercredi - 15h30h\/16h30<\/option><\/select><\/span>\n<\/p>\n<p style=\"text-align: left;\"><br \/>\n<span class=\"wpcf7-form-control-wrap\" data-name=\"menu-410\"><select class=\"wpcf7-form-control wpcf7-select\" aria-invalid=\"false\" name=\"menu-410\"><option value=\"Choix 3 : Cliquez ici pour choisir votre discipline\">Choix 3 : Cliquez ici pour choisir votre discipline<\/option><option value=\"Classique - Lundi - 11h30\/12h45\">Classique - Lundi - 11h30\/12h45<\/option><option value=\"Classique - Mercredi - 15h30\/16h30\">Classique - Mercredi - 15h30\/16h30<\/option><option value=\"Classique - Mercredi - 16h45\/18h15\">Classique - Mercredi - 16h45\/18h15<\/option><option value=\"Classique - Samedi - 10h30\/12h00\">Classique - Samedi - 10h30\/12h00<\/option><option value=\"Claquettes - Lundi - 18h\/19h\">Claquettes - Lundi - 18h\/19h<\/option><option value=\"Claquettes - Lundi - 19h\/20h15\">Claquettes - Lundi - 19h\/20h15<\/option><option value=\"Claquettes - Vendredi - 19h15\/20h30\">Claquettes - Vendredi - 19h15\/20h30<\/option><option value=\"Barre \u00e0 terre - Lundi - 10h20\/11h20\">Barre \u00e0 terre - Lundi - 10h20\/11h20<\/option><option value=\"Barre \u00e0 terre - Mercredi - 18h30\/19h30\">Barre \u00e0 terre - Mercredi - 18h30\/19h30<\/option><option value=\"Barre \u00e0 terre - Jeudi - 17h50\/18h50\">Barre \u00e0 terre - Jeudi - 17h50\/18h50<\/option><option value=\"Modern&#039; Dance - Jeudi - 19h\/20h30\">Modern&#039; Dance - Jeudi - 19h\/20h30<\/option><option value=\"Modern&#039; Jazz - Vendredi - 17h45\/19h\">Modern&#039; Jazz - Vendredi - 17h45\/19h<\/option><option value=\"Initiation \u00e0 la danse - Mercredi - 15h30h\/16h30\">Initiation \u00e0 la danse - Mercredi - 15h30h\/16h30<\/option><\/select><\/span>\n<\/p>\n<p><span class=\"wpcf7-form-control-wrap\" data-name=\"text-27\"><input size=\"40\" maxlength=\"400\" class=\"wpcf7-form-control wpcf7-text\" aria-invalid=\"false\" value=\"Si plus de choix, pr\u00e9cisez lesquels dans la partie &quot;Message&quot; ci-dessous\" type=\"text\" name=\"text-27\" \/><\/span>\n<\/p>\n<p style=\"text-align: left;\"><br \/>\n<span class=\"wpcf7-form-control-wrap\" data-name=\"checkbox-224\"><span class=\"wpcf7-form-control wpcf7-checkbox wpcf7-validates-as-required\"><span class=\"wpcf7-list-item first last\"><label><input type=\"checkbox\" name=\"checkbox-224[]\" value=\"Je reconnais avoir pris connaissance du r\u00e8glement int\u00e9rieur de l\u2019\u00e9cole de danse (vous pouvez t\u00e9l\u00e9charger le r\u00e8glement int\u00e9rieur de l&#039;\u00e9cole en dessous du formulaire)\" \/><span class=\"wpcf7-list-item-label\">Je reconnais avoir pris connaissance du r\u00e8glement int\u00e9rieur de l\u2019\u00e9cole de danse (vous pouvez t\u00e9l\u00e9charger le r\u00e8glement int\u00e9rieur de l&#039;\u00e9cole en dessous du formulaire)<\/span><\/label><\/span><\/span><\/span>\n<\/p>\n<div>\n\t<p style=\"text-align: center;\"><br \/>\n<span class=\"wpcf7-form-control-wrap\" data-name=\"textarea-221\"><textarea cols=\"40\" rows=\"10\" maxlength=\"2000\" class=\"wpcf7-form-control wpcf7-textarea\" aria-invalid=\"false\" placeholder=\"Message\" name=\"textarea-221\"><\/textarea><\/span>\n\t<\/p>\n<\/div>\n<div>\n\t<p style=\"text-align: center;\"><br \/>\n<b><button class=\"wpcf7-form-control wpcf7-submit mkdf-btn mkdf-btn-medium mkdf-btn-solid\" type=\"submit\"><span class=\"mkdf-btn-text\">ENVOYER<\/span><\/button><\/b>\n\t<\/p>\n<\/div><p style=\"display: none !important;\" class=\"akismet-fields-container\" data-prefix=\"_wpcf7_ak_\"><label>&#916;<textarea name=\"_wpcf7_ak_hp_textarea\" cols=\"45\" rows=\"8\" maxlength=\"100\"><\/textarea><\/label><input type=\"hidden\" id=\"ak_js_1\" name=\"_wpcf7_ak_js\" value=\"225\"\/><script>document.getElementById( \"ak_js_1\" ).setAttribute( \"value\", ( new Date() ).getTime() );<\/script><\/p><div class=\"wpcf7-response-output\" aria-hidden=\"true\"><\/div>\n<\/form>\n<\/div>\n[vc_empty_space height=&#8221;15px&#8221;][vc_wp_text]<\/p>\n<h5><span style=\"color: #f78da7;\">.<\/span><\/h5>\n<h4 style=\"text-align: center;\"><span style=\"color: #ffffff;\"><strong>T\u00e9l\u00e9chargez le r\u00e8glement int\u00e9rieur en <\/strong><\/span><a href=\"https:\/\/studiodeladanse.fr\/wp-content\/uploads\/2026\/04\/Reglement-interieur-2026-2027.pdf\" target=\"_blank\" rel=\"noopener\"><strong><span style=\"color: #ffffff;\"><span style=\"color: #808080;\">cliquant ici<\/span><\/span><\/strong><\/a><\/h4>\n<p>[\/vc_wp_text][\/vc_column][vc_column width=&#8221;1\/4&#8243;][\/vc_column][\/vc_row][vc_row css=&#8221;.vc_custom_1568915492173{background-color: #fdd8d6 !important;}&#8221;][vc_column][vc_empty_space height=&#8221;22px&#8221;][\/vc_column][\/vc_row]<\/p>\n","protected":false},"excerpt":{"rendered":"<p>[vc_row][vc_column][vc_empty_space height=&#8221;62px&#8221;][\/vc_column][\/vc_row][vc_row content_placement=&#8221;middle&#8221; content_text_aligment=&#8221;center&#8221; row_btt_skin=&#8221;light&#8221; css=&#8221;.vc_custom_1569015706194{padding-right: 150px !important;padding-left: 50px !important;background-color: #fdd8d6 !important;}&#8221; simple_background_color=&#8221;#fdd8d6&#8243;][vc_column width=&#8221;1\/4&#8243;][\/vc_column][vc_column width=&#8221;1\/2&#8243;][vc_empty_space height=&#8221;15px&#8221;][vc_wp_text] . T\u00e9l\u00e9chargez le r\u00e8glement int\u00e9rieur en cliquant ici [\/vc_wp_text][\/vc_column][vc_column width=&#8221;1\/4&#8243;][\/vc_column][\/vc_row][vc_row css=&#8221;.vc_custom_1568915492173{background-color: #fdd8d6 !important;}&#8221;][vc_column][vc_empty_space height=&#8221;22px&#8221;][\/vc_column][\/vc_row]<\/p>\n","protected":false},"author":1,"featured_media":0,"parent":0,"menu_order":0,"comment_status":"closed","ping_status":"closed","template":"full-width.php","meta":{"footnotes":""},"class_list":["post-9340","page","type-page","status-publish","hentry"],"_links":{"self":[{"href":"https:\/\/studiodeladanse.fr\/index.php\/wp-json\/wp\/v2\/pages\/9340","targetHints":{"allow":["GET"]}}],"collection":[{"href":"https:\/\/studiodeladanse.fr\/index.php\/wp-json\/wp\/v2\/pages"}],"about":[{"href":"https:\/\/studiodeladanse.fr\/index.php\/wp-json\/wp\/v2\/types\/page"}],"author":[{"embeddable":true,"href":"https:\/\/studiodeladanse.fr\/index.php\/wp-json\/wp\/v2\/users\/1"}],"replies":[{"embeddable":true,"href":"https:\/\/studiodeladanse.fr\/index.php\/wp-json\/wp\/v2\/comments?post=9340"}],"version-history":[{"count":32,"href":"https:\/\/studiodeladanse.fr\/index.php\/wp-json\/wp\/v2\/pages\/9340\/revisions"}],"predecessor-version":[{"id":9880,"href":"https:\/\/studiodeladanse.fr\/index.php\/wp-json\/wp\/v2\/pages\/9340\/revisions\/9880"}],"wp:attachment":[{"href":"https:\/\/studiodeladanse.fr\/index.php\/wp-json\/wp\/v2\/media?parent=9340"}],"curies":[{"name":"wp","href":"https:\/\/api.w.org\/{rel}","templated":true}]}}